se 15
60
Convert -230333 (base 4) to base 7.
-11252
What is 162a (base 14) in base 16?
f76
Convert 231211 (base 4) to base 3.
11000001
What is -187a (base 13) in base 16?
-e42
103122 (base 4) to base 8
2332
-22144 (base 5) to base 3
-2010101
Convert 3043 (base 7) to base 16.
424
What is 10211 (base 11) in base 10?
14895
110 (base 4) to base 13
17
What is -11012011 (base 3) in base 12?
-1927
Convert -151 (base 12) to base 8.
-315
Convert 1a4ab (base 12) to base 6.
455135
-100011000 (base 2) to base 4
-10120
What is -16640 (base 8) in base 15?
-23a9
-757 (base 11) to base 3
-1020200
Convert 1cc0 (base 14) to base 2.
1010010010000
Convert 11000220 (base 3) to base 5.
43230
-354235 (base 6) to base 8
-74057
Convert -12143 (base 12) to base 13.
-b13c
Convert 11211222 (base 3) to base 4.
313100
What is 1412 (base 12) in base 4?
210032
What is -1110222 (base 4) in base 7?
-21540
What is 42f (base 16) in base 4?
100233
-25091 (base 10) to base 3
-1021102022
-130201 (base 4) to base 16
-721
Convert -333 (base 12) to base 14.
-259
What is -178 (base 11) in base 15?
-db
Convert 995 (base 14) to base 7.
5345
Convert 201200200 (base 3) to base 5.
424410
What is 21004 (base 5) in base 4?
111203
Convert 99 (base 15) to base 13.
b1
Convert -3362 (base 10) to base 15.
-ee2
Convert -2401 (base 5) to base 14.
-1b1
What is -1110000010000 (base 2) in base 11?
-5441
-142242 (base 5) to base 15
-1b67
What is -8 (base 13) in base 12?
-8
Convert 23110 (base 4) to base 2.
1011010100
Convert -517 (base 11) to base 16.
-26f
-14180 (base 13) to base 3
-1220121102
What is 1104212 (base 5) in base 14?
7071
What is 882 (base 9) in base 11?
5a7
What is -4c56 (base 16) in base 15?
-5bcc
What is -30244 (base 5) in base 10?
-1949
Convert -736 (base 9) to base 12.
-420
What is -1b72 (base 13) in base 5?
-113044
What is -649 (base 16) in base 2?
-11001001001
What is -30b (base 15) in base 2?
-1010101110
-795 (base 15) to base 11
-131a
-1110011111 (base 2) to base 6
-4143
Convert 21030 (base 4) to base 7.
1500
Convert 66a (base 15) to base 3.
1222201
1084 (base 14) to base 9
3827
-1a3 (base 15) to base 8
-572
Convert 50f (base 16) to base 5.
20140
What is 6632 (base 9) in base 14?
1ad3
What is 1100110111110110 (base 2) in base 14?
15302
Convert -112002111 (base 3) to base 11.
-779a
Convert 16631 (base 7) to base 2.
1001010100111
Convert 101011110010000 (base 2) to base 6.
251440
What is 166 (base 12) in base 9?
266
10102002 (base 4) to base 9
26046
72b (base 13) to base 5
14340
2aa5a (base 11) to base 16
ab5b
Convert 13305 (base 11) to base 14.
6cd4
-439 (base 11) to base 12
-37a
-362 (base 14) to base 6
-3042
1540 (base 10) to base 9
2101
Convert -195 (base 13) to base 9.
-353
Convert 54641 (base 8) to base 3.
1011110211
What is 128c (base 16) in base 9?
6455
What is cbd8 (base 14) in base 6?
431150
What is 6bd9 (base 15) in base 4?
11212101
Convert c579 (base 14) to base 15.
a12a
What is -5419 (base 11) in base 4?
-1233313
What is -1479 (base 16) in base 4?
-1101321
Convert 33202 (base 5) to base 13.
1081
What is 702 (base 11) in base 15?
3b9
-544 (base 7) to base 15
-137
Convert 35245 (base 8) to base 9.
22531
What is -59ad (base 16) in base 13?
-a5ac
-498 (base 11) to base 9
-726
What is 61022 (base 8) in base 7?
133124
Convert -1350 (base 10) to base 6.
-10130
200233 (base 4) to base 15
94a
134664 (base 7) to base 10
25722
What is 2861 (base 10) in base 11?
2171
What is 366 (base 9) in base 13?
1a4
What is -f9a (base 16) in base 6?
-30254
Convert 32 (base 8) to base 12.
22
862 (base 13) to base 3
1222001
-10041 (base 9) to base 14
-2594
What is -32ba (base 12) in base 6?
-41554
-1339 (base 15) to base 3
-12122000
What is 3858 (base 9) in base 3?
10221222
What is 7a (base 11) in base 7?
153
Convert -13 (base 10) to base 2.
-1101
What is -22551 (base 7) in base 12?
-3409
What is 1436 (base 7) in base 6?
2342
-19bc6 (base 13) to base 2
-1100010010110011
703 (base 8) to base 6
2031
Convert -26052 (base 9) to base 2.
-100010010000111
-1c36 (base 16) to base 4
-1300312
What is 35c (base 15) in base 9?
1036
-9c9a (base 14) to base 8
-65060
Convert -2143 (base 6) to base 10.
-495
-3530 (base 15) to base 12
-6653
Convert 576 (base 16) to base 2.
10101110110
Convert -1285 (base 9) to base 3.
-1022212
Convert 31223 (base 4) to base 15.
3d5
Convert 101002210 (base 3) to base 4.
1303011
4876 (base 9) to base 4
320301
Convert 412430 (base 5) to base 2.
11010010110010
da0 (base 15) to base 5
44300
-69b (base 15) to base 12
-a48
What is 136506 (base 8) in base 4?
23311012
Convert -5a24 (base 13) to base 4.
-3012201
What is 370 (base 12) in base 9?
633
What is 16 (base 12) in base 9?
20
179 (base 12) to base 2
11101101
Convert b48d (base 14) to base 15.
932d
Convert -514 (base 9) to base 8.
-642
Convert 3503 (base 6) to base 12.
593
Convert 708 (base 11) to base 9.
1150
6703 (base 10) to base 6
51011
781c (base 14) to base 15
626c
-22222 (base 5) to base 9
-2125
-3606 (base 10) to base 5
-103411
4c3 (base 15) to base 14
575
What is -1d7c (base 14) in base 13?
-25c7
What is 2d29 (base 16) in base 8?
26451
6452 (base 12) to base 7
44042
Convert 110222 (base 3) to base 13.
20c
Convert 113 (base 4) to base 13.
1a
-1101100 (base 2) to base 12
-90
Convert c5 (base 15) to base 12.
135
Convert 1130 (base 8) to base 13.
372
What is 1a426 (base 11) in base 14?
a531
What is -2808 (base 12) in base 11?
-3517
Convert 225 (base 14) to base 10.
425
Convert 3552 (base 9) to base 11.
1a8a
101004 (base 6) to base 13
3841
What is 20030 (base 5) in base 8?
2361
What is 1237 (base 9) in base 3?
1021021
What is 1a1b (base 12) in base 4?
301313
Convert 151 (base 10) to base 11.
128
What is -2a6 (base 11) in base 9?
-437
Convert b0b8 (base 13) to base 9.
36320
Convert 2293 (base 13) to base 6.
34244
Convert 7627 (base 11) to base 3.
111211001
What is -13a8 (base 15) in base 9?
-5685
Convert -24a8 (base 13) to base 5.
-131313
What is 110100001001001 (base 2) in base 13?
c1c8
-16b (base 13) to base 3
-100120
-1235131 (base 6) to base 5
-4122411
-32421 (base 7) to base 15
-2600
-21022222 (base 4) to base 7
-214315
Convert 2621 (base 7) to base 16.
3e3
Convert -521 (base 7) to base 8.
-404
Convert 115b3 (base 15) to base 12.
27bb9
What is 874 (base 11) in base 7?
3026
What is -2030 (base 5) in base 2?
-100001001
What is -238 (base 15) in base 14?
-27d
1652 (base 8) to base 6
4202
-9975 (base 11) to base 12
-773a
134a (base 12) to base 10
2218
Convert -2122 (base 6) to base 11.
-3a9
-959 (base 16) to base 10
-2393
Convert 25650 (base 10) to base 6.
314430
Convert 400440 (base 6) to base 11.
2154a
Convert 104042 (base 5) to base 12.
213b
What is 11010100110 (base 2) in base 15?
787
What is 2002233 (base 4) in base 12?
4a13
Convert -63a (base 12) to base 3.
-1020201
110011010101 (base 2) to base 5
101120
-2220102220 (base 3) to base 16
-df5f
What is -2426 (base 10) in base 7?
-10034
199a (base 15) to base 6
41401
What is -421 (base 11) in base 5?
-4012
What is -4707 (base 10) in base 12?
-2883
What is 2000 (base 6) in base 11?
363
1dc (base 16) to base 6
2112
What is 178 (base 11) in base 13?
12b
-6200 (base 15) to base 10
-20700
Convert 10112 (base 5) to base 8.
1221
Convert -561 (base 14) to base 10.
-1065
What is 7334 (base 12) in base 15?
3acd
-15234 (base 7) to base 6
-31343
Convert -253462 (base 7) to base 12.
-23174
Convert 1304221 (base 5) to base 8.
61731
92 (base 13) to base 4
1313
-1785 (base 9) to base 8
-2535
What is 210120 (base 3) in base 6?
2410
What is -6b3 (base 12) in base 10?
-999
What is 47173 (base 8) in base 10?
20091
Convert 3248 (base 9) to base 13.
1121
Convert a1 (base 16) to base 11.
137
Convert -840 (base 16) to base 9.
-2806
5254 (base 10) to base 3
21012121
What is -253 (base 6) in base 2?
-1101001
30403 (base 7) to base 10
7402
Convert 44542 (base 9) to base 16.
73a3
Convert -1a82 (base 13) to base 2.
-111110011001
Convert 504 (base 12) to base 5.
10344
21103 (base 4) to base 6
2431
Convert -1 (base 15) to base 10.
-1
Convert -13232 (base 6) to base 14.
-a56
Convert -3024 (base 5) to base 12.
-285
Convert 1111110010 (base 2) to base 12.
702
-2543 (base 9) to base 13
-b34
Convert 10002 (base 6) to base 3.
1210002
What is -20466 (base 7) in base 16?
-13b6
2261 (base 15) to base 13
341b
Con